 5530 = 18*r. What is the highest common divisor of r and f?
14
Suppose 0 = 2*k - 5*k + 3*s - 231, k - 5*s = -57. Let p = k + 98. What is the greatest common factor of 24 and p?
8
Suppose -82*u - 625 = -2265. What is the highest common divisor of 34460 and u?
20
Let g = -8 - -12. Let n be (-2)/24*-6 - 2/g. Suppose -k + 4 = -n. What is the greatest common factor of 4 and k?
4
Let i(j) = j**2 - 37*j - 23. Let z be i(35). Let q = z + 123. Calculate the greatest common divisor of 405 and q.
15
Let b(t) = t**3 - 6*t**2 + 2*t - 56. Let k(j) = 9*j - 73. Let h be k(9). Let r be b(h). What is the highest common divisor of 4 and r?
4
Suppose 0 = -2*s + n + 529 - 3, 10*s - 2*n = 2618. Calculate the greatest common factor of 1508 and s.
29
Suppose 3*i + 0*i - 14412 = -4*b, -3*i - 3*b = -14409. Suppose -5*a = 2*s - 6896 + 893, 4*a - i = -s. What is the greatest common factor of 11 and a?
11
Let f(l) = -l**2 - 27*l + 70. Let k be f(-29). Suppose -k*v = 2517 - 393. Let z = -2 - v. Calculate the highest common divisor of 35 and z.
35
Let n = 93 - 83. Let j be (-5 + 1)*(15/n)/(-3). Suppose q - 4*d + 80 = 3*q, -2*d - j = 0. What is the highest common factor of 12 and q?
6
Let n = 7333 + -5001. What is the greatest common divisor of 176 and n?
44
Suppose -30*i = -22666 - 3810 + 4246. What is the highest common factor of 285 and i?
57
Let j be (-35930)/(-9) + (-21)/((-1701)/(-18)). Calculate the highest common divisor of j and 8.
8
Suppose -5*q + 330 = 6*q. Suppose -30*o = -29*o - q. What is the highest common factor of 10 and o?
10
Let q be (-947)/(-9) - (-4)/(-18). Let h = 2191 - 2186. Suppose -63 = -h*g - 4*r + 42, -4*r = -5*g + q. What is the greatest common factor of g and 21?
21
Let d(g) be the first derivative of g**3/3 + 9*g**2 + 16*g + 99. Let w be d(14). Calculate the greatest common factor of w and 16.
16
Suppose 0 = 3*y - 6, 0 = 5*w - 5*y - 8 - 2. Let z(p) = 9*p - 4*p + 0 - 2 - w*p. Let o be z(9). Calculate the highest common divisor of o and 77.
7
Suppose 6*a + 15 = 69. Let k be -1*(-9 + -5 + a). Suppose 0 = 4*i + k*q - 130 - 96, 4*i - 3*q - 242 = 0. Calculate the greatest common divisor of 118 and i.
59
Let r(d) = -d**3 + 33*d**2 + 93*d - 282. Let q be r(30). What is the highest common factor of 3 and q?
3
Let r(h) = 21*h + 148. Let f be r(-7). Suppose -3*w + 76 = f. Suppose 0 = -3*m - 4 + 19. Calculate the greatest common factor of m and w.
5
Let v(d) = -6*d - 35. Let c be v(-14). Let u = c + -33. Suppose 0 = -u*o + 11*o + 450. What is the greatest common factor of 30 and o?
30
Suppose 264 = 7*k - 4*k. Let m be ((-3328)/224)/(-26) - 2768/(-7). What is the greatest common divisor of m and k?
44
Let f(u) = 5*u**3 + u**2 - 9*u + 1. Let b be f(4). Suppose 4*c - b = -3*c. What is the highest common factor of 688 and c?
43
Let j = -314 + 309. Let l be 1407/35 + 1/j. What is the greatest common divisor of l and 56?
8
Suppose -15*x - 1802 = -92. Let t = 11 - x. Suppose 0 = 4*c - c - 150. Calculate the highest common factor of c and t.
25
Let t(u) = u**3 + u**2 - 22*u + 180. Let v be t(6). Calculate the highest common factor of 12 and v.
12
Let i(v) = -v**2 + 37. Let t be i(6). Let k be 116/638 + 4330/22 + t. What is the highest common factor of k and 44?
22
Suppose -4*n + 236 = 3*g, g + 9*n = 11*n + 92. Let c be ((-111)/(-6) - -4) + (-3)/(-2). What is the highest common divisor of c and g?
12
Let s be (-40)/(-8)*(-84)/(-10) + 6. What is the highest common divisor of s and 72?
24
Let i = -20 - -26. Let m(b) = 2*b**3 - 11*b**2 - 2*b + 20. Let f be m(i). Calculate the highest common divisor of f and 110.
22
Suppose -4*p + 658 = -5*y - 0*p, 3*y + 417 = -5*p. Let i be 3/9 - y/3. What is the greatest common factor of 45 and i?
45
Let i = -220 - -358. Suppose g = 2*g + d - i, -2*g + 2*d = -264. What is the highest common factor of g and 30?
15
Let q = -48 + 49. Let c(i) = 7*i - 8. Let s(h) = -h - 1. Let x(p) = q*c(p) + 3*s(p). Let r be x(5). Calculate the greatest common divisor of 9 and r.
9
Suppose -20*s - 608 = -58*s. Let n = -42 - -48. Calculate the greatest common divisor of s and n.
2
Suppose 5*c - 536 = 2*h, 4*h + 522 = -10*c + 15*c. Calculate the greatest common factor of c and 407.
11
Suppose 4*j - 180 = 284 - 156. What is the highest common factor of j and 35?
7
Let m be (-1312)/32*(-8 - -3) + -5 + 0. Calculate the highest common divisor of 1175 and m.
25
Let r be (213 + -208)*(1 - 0 - -1). What is the greatest common factor of 785 and r?
5
Let y = 17433 - 17328. Calculate the greatest common divisor of y and 9345.
105
Let w = 1968 + -1732. Calculate the greatest common factor of w and 3422.
118
Suppose -7*y + 113 + 48 = 0. Suppose y*u - 17*u = 600. Calculate the highest common divisor of 20 and u.
20
Let p = 13160 + -5856. Calculate the highest common factor of p and 83.
83
Let u = -93 + 160. Let o(n) = n**2 + n + 25. Let i be o(-7). What is the highest common factor of i and u?
67
Let n(a) = -a**3 - 70*a**2 + 892*a + 45. Let b be n(11). What is the highest common divisor of 712 and b?
8
Let y be ((-13)/(-65) - -11)*20. What is the greatest common factor of 588 and y?
28
Suppose 0 = -34*m - 145*m + 2137976. What is the highest common factor of 8 and m?
8
Suppose -3*a = c + 9, 31 - 41 = 2*a. What is the highest common divisor of 74 and c?
2
Let a be -2 + (6 - 0) + -1. Suppose 470 = -0*r + a*r + 5*d, -10 = 2*d. Suppose 2070 = 89*i + 49*i. Calculate the greatest common factor of i and r.
15
Suppose 0 - 4 = 4*r. Let m be 4 - 3 - r/((-2)/(-4)). Suppose 188 = 5*y + d - 57, -m*y = d - 149. What is the highest common factor of 12 and y?
12
Let x = 325 + -465. Let t be 3/3*x/(-7). Calculate the greatest common divisor of t and 380.
20
Let p(d) = -584*d + 7624. Let z be p(13). Suppose -4*l + 2*i + 574 = 0, -2*i = -2*l + 146 + 140. Calculate the highest common divisor of z and l.
16
Let u be (1/5)/(0 + 1/25). Suppose -u*v = 5*t - 1080, 4*t + 4*v - 864 = v. Calculate the highest common factor of t and 16.
8
Let n be -5 - (-3 - (-61 - 4)). Let r = n - -141. What is the highest common factor of r and 259?
37
Suppose -2*d = b - 14, -6*b + 7*b + 4 = d. Let q(y) = 42*y - 247. Let s be q(d). Calculate the greatest common factor of 85 and s.
5
Suppose -3*y - 18 = 0, -13*y + 550 = 4*s - 16*y. Calculate the greatest common factor of s and 7.
7
Let y be (3 - (-85)/(-25))/((-1)/15). Suppose -3*l + 2*l + 47 = 5*p, 2*p + 154 = 5*l. Calculate the greatest common divisor of y and l.
2
Let o = -31 - -45. Let w = 5298 - 4696. What is the highest common factor of w and o?
14
Let l = -84 - -109. Let g = l + -16. Let u = -59 + 203. Calculate the highest common divisor of g and u.
9
Let i = -270 + 294. Let v be (-15)/35*(0 - 7). Suppose -11 - 25 = -v*y. What is the greatest common divisor of i and y?
12
Let z(y) = 2444*y**2 - 393*y - 792. Let b be z(-2). Calculate the highest common divisor of b and 10.
10
Suppose 0 = -21*a - 16515 + 63282. Calculate the greatest common factor of a and 655.
131
Let c(f) = 174*f - 1152. Let q be c(7). What is the highest common factor of q and 627?
33
Let p(y) = 7*y**2 + 19*y + 42. Let u be p(-6). Suppose 0 = -1410*r + 1416*r - u. What is the greatest common divisor of 165 and r?
15
Suppose -10*j + 248 = -6*j. Let o = 83 + -45. Let d = j - o. What is the greatest common factor of 3 and d?
3
Let a(m) = 24*m - 2. Let p(s) = 2*s**2 - 2*s - 1. Let u be p(2). Let o be a(u). Let y = 21537 + -21432. Calculate the highest common factor of o and y.
35
Let y = 3 - -69. Let o = y - 42. Let s = 13033 + -13021. What is the highest common divisor of s and o?
6
Let t = 77 + -75. Suppose 0 = -86*p + 82*p + 136. What is the highest common divisor of p and t?
2
Suppose -633*q + 22876 = -54027 + 3475. Let y be 7 - -3 - (1 - -1). Calculate the greatest common factor of y and q.
4
Suppose 157*s - 569*s = -410352. Calculate the greatest common divisor of 24 and s.
12
Let d = -42 + 50. Let c be 1/(d/74) + 6/(-24). Let h = -38 + 101. What is the highest common factor of c and h?
9
Suppose 240 = -48*h + 51*h. Let x = -183 + 393. Let n = -90 + x. Calculate the highest common factor of h and n.
40
Let a = -3400 + 3421. Calculate the greatest common divisor of a and 6.
3
Suppose -18052 - 3497 = -107*d + 96151. Let o be 0 + -2 - (-46)/1. What is the greatest common factor of 